ed by t.
8
Let o(c) = 10*c - 1. Let w be o(2). Let k = w + -3. Suppose -m - 2*b + 19 = 0, -3*b - 3 = 7*m - 9*m. What is the remainder when k is divided by m?
7
Let y(v) = v**3 - 6*v**2 + 4*v + 3. Let f be y(5). Let l(p) = 5*p**2 + 23*p + 30. Calculate the remainder when (1 + -7)/(f/5) is divided by l(-2).
3
Let v = -24 - -40. What is the remainder when v is divided by 9?
7
Suppose 0 = 4*h + h - 65. Calculate the remainder when h is divided by 5.
3
Let s be (2/3)/(4/30). Suppose 3*a + s*r = -0*a - 8, -2*a + 12 = -r. Suppose 0 = a*h - 60 - 40. What is the remainder when h is divided by 9?
7
Suppose 3*u + 0 + 15 = 0. Let j = u - -13. Let q = -14 + 36. What is the remainder when q is divided by j?
6
Let l(d) = -5*d + 1. Let y be l(-4). Let r = y - 8. What is the remainder when 23 is divided by r?
10
Let b = 13 - -1. What is the remainder when b is divided by 4?
2
Suppose -5*n - 5 - 5 = 0. What is the remainder when (1/3 + n)*-9 is divided by 4?
3
Suppose -5*d = -4 - 1. Let o(c) = -c**3 - 3*c**2 - 2*c - 2. Let l be o(-3). Let m = l + -3. Calculate the remainder when m is divided by d.
0
Let f(a) = -a + 26. Let o be f(0). Let v = -37 + o. Let l = -4 - v. Calculate the remainder when 13 is divided by l.
6
Let d = -40 - -68. Suppose 57 = p + i, -111 - 170 = -5*p - 4*i. What is the remainder when p is divided by d?
25
Let i(s) = -s - 9. Let m be i(-11). Suppose 2*o = -d + 23, 0*o + m*o + 4*d = 20. Calculate the remainder when 34 is divided by o.
10
Let h(c) = -c**3 - 2*c**2 + 5*c + 4. What is the remainder when 61 is divided by h(-4)?
13
Let l = -40 - -13. Let b = l - -40. Calculate the remainder when b is divided by -3 - (-1)/(1/8).
3
Let x be 4 - (2 + -2 + 0). Suppose 0*h - 140 = -x*h. What is the remainder when h is divided by (-6)/(-2)*(6 - 2)?
11
Let k = 40 - 16. Let d be 2 - 3*(-7)/(-3). Calculate the remainder when 46 is divided by k/d*10/(-3).
14
Let r(x) = -x**3 - 2*x**2 - x - 1. What is the remainder when 20 is divided by r(-3)?
9
Let l be -2 + (44 - 0/(-3)). Suppose 0 = -2*m + 4*q - 18, 2*q + 3*q = 3*m + 31. Let w = m + l. Calculate the remainder when w is divided by 9.
7
Let z be (-1 + -1)*-5 - 1. What is the remainder when (1 + -2)/((-2)/24) is divided by (-28)/6*z/(-6)?
5
Suppose -2 = 3*n - 4*n. Let m = 0 - -4. Calculate the remainder when m is divided by n.
0
Let c(t) be the second derivative of 0 - 1/6*t**3 - t - 1/12*t**4 + 1/20*t**5 + 4*t**2. What is the remainder when 15 is divided by c(0)?
7
Let a(j) = -j - 2*j - 4*j + 2. Suppose 0 = 6*f - 136 - 50. Calculate the remainder when f is divided by a(-2).
15
Suppose -5*u + 88 = 5*r + 38, 4*u + 5*r = 38. Calculate the remainder when 177 is divided by u.
9
Let k(x) = x**2 - 2. Suppose -f + 0 = -2. Let b be k(f). Suppose -6*n = -b*n - 44. Calculate the remainder when 19 is divided by n.
8
Suppose 3*p + 0*p = -c + 19, -3*c - 2*p + 22 = 0. Calculate the remainder when 12 is divided by c.
0
Let d(i) = -i**3 + i**2 + 4*i + 1. Let j be d(3). Let y = 8 + j. Suppose 3*m + 0*m = y, 2*t = -4*m + 16. What is the remainder when 9 is divided by t?
3
Let p = 69 + -53. What is the remainder when p is divided by (-9 - 0)/((-2)/2)?
7
Suppose 3*o = 5 + 1. What is the remainder when (-6)/(-9)*69/o is divided by 6?
5
Let f = 8 - 4. Suppose 20 = -2*b + f*b. Let i = -9 + 27. Calculate the remainder when i is divided by b.
8
Let v = -29 + 43. Suppose 0 = -0*c + 5*c - d + 4, 2*c - 8 = -2*d. Suppose c = 2*q + 4*x - 0*x - 16, 4*x = 0. Calculate the remainder when v is divided by q.
6
Suppose -2*m - 10 = 0, -2*m = -3*a + 3*m + 34. Let z be 53/5 + (-8)/(-20). Let r = z + -7. What is the remainder when r is divided by a?
1
Let w(s) be the third derivative of s**5/60 - s**4/24 - s**3/6 - 2*s**2. Let i = 34 + -21. Calculate the remainder when i is divided by w(3).
3
Let q = -132 + 218. Suppose -j = j - 44. Calculate the remainder when q is divided by j.
20
Suppose -5*f = o - 33 - 0, -f + 4*o = -15. Let n = -3 + f. Suppose 0 = -n*d - 5*c + 3, -3*d = d + 4*c - 8. Calculate the remainder when 13 is divided by d.
6
Suppose 6*r = 94 - 22. Let l = -6 - -11. What is the remainder when r is divided by l?
2
Let i(l) = l**3 + 9*l**2 - 6. Let n be i(-9). What is the remainder when (-88)/(-3) + 2/n is divided by 15?
14
Let w(u) = 2*u**2 + u + 3. Let p(m) = m**2 - m + 4. Suppose -20 + 8 = -4*a. Calculate the remainder when w(4) is divided by p(a).
9
Let d(b) = 10 - 42*b - 15 + 6. Let m = -21 + 36. Calculate the remainder when d(-1) is divided by m.
13
Suppose 14 = -2*p + 2. Calculate the remainder when (p/15)/(1/(-65)) is divided by 9.
8
Let l(v) = v**3 - 9*v**2 + 8*v - 8. What is the remainder when l(9) is divided by 22?
20
Calculate the remainder when 39 is divided by 4/(-8)*4*(1 + -5).
7
Let f = -411 + 454. Let c = 16 - -6. What is the remainder when f is divided by c?
21
Let n = 66 - 131. What is the remainder when (2 - -1 - n) + -4 is divided by 11?
9
Let h(v) = 2*v**2 + 1. Suppose -2 = 5*c - 3*c + 2*g, 0 = g + 5. What is the remainder when c is divided by h(1)?
1
Let p = 71 + -46. Calculate the remainder when p is divided by 14/35 - (-43)/5.
7
Let u = 15 - -12. Calculate the remainder when u is divided by 16.
11
Suppose -2*x = -k - 2, -4*x - 5*k + 20 = x. Suppose 2 = -3*w - x*s + 8, s = 5*w - 10. Suppose -a = w*a - 39. Calculate the remainder when 37 is divided by a.
11
Let s = 74 + -50. Let g = s - 8. What is the remainder when 61 is divided by g?
13
Suppose -2*g + 3 = -1. Let r be 1*-7*(-10 + 4). Suppose -g*o + r = o. What is the remainder when o is divided by 4?
2
Let f = -12 + 7. What is the remainder when -5*(5 + -3 + -4) is divided by (-1)/(f/(-6) + -1)?
4
Let g = 17 + -10. Calculate the remainder when g is divided by 4.
3
Let w = 127 + -83. Let l = 111 - 51. Suppose p + l = 5*p. What is the remainder when w is divided by p?
14
Suppose -f + 6 = 26. Suppose 0 = b + 2*b - 42. What is the remainder when 15*2/f*-18 is divided by b?
13
Let c(o) = o**2 + 5*o - 2. Let d be c(3). Let r = 21 + d. Calculate the remainder when r is divided by (2 - (-46)/(-8))*-4.
13
Suppose -4*m = -2*z - 3*z - 43, 10 = m - 2*z. Suppose c = 3, -4*v + c - m = -5*v. What is the remainder when 33 is divided by v?
6
Suppose -4*u - 2*f + 86 = 0, -5*u - 2*f = -f - 112. Let c = u + 16. What is the remainder when c is divided by 10?
9
Suppose -5*v + 24 = -46. What is the remainder when (-3)/(-3) + 234/6 is divided by v?
12
Suppose -4*o + 59 = -5*h, 2*o - 4*o = h - 47. What is the remainder when o is divided by 11?
10
What is the remainder when 6/7*(44 + -16) is divided by 13?
11
Let r = 7 + 15. What is the remainder when r is divided by 8?
6
Calculate the remainder when 51 is divided by -30*(14/35)/((-8)/10).
6
Suppose -2*j = -6*j - 60. Calculate the remainder when ((-12)/j)/(1/35) is divided by 10.
8
Suppose -y + 4*y = 15. Suppose 0 = -2*m + y - 1. What is the remainder when 6 is divided by m?
0
Suppose -7*l - 15 + 176 = 0. What is the remainder when 41 is divided by l?
18
Suppose -2*q + 13 + 7 = -2*w, -24 = -3*q + w. Calculate the remainder when 106/10 - (-4)/10 is divided by q.
4
Let x be (-5)/10*(-10 - 0). Suppose -35 = -g + 2*y + 2, 0 = 2*g + x*y - 56. What is the remainder when g is divided by 17?
16
Suppose -q - 2*s + 49 - 19 = 0, -132 = -4*q - 5*s. What is the remainder when 73 is divided by q?
35
Let r = -3 + 3. Suppose r = -5*l + l + 4*w + 52, 2*w - 52 = -4*l. Let j = 42 - l. Calculate the remainder when j is divided by 10.
9
Suppose -42 = 5*u - 6*u. Calculate the remainder when u is divided by 15.
12
Let t(u) = -u + 13. Let a(l) = -l**3 + 4*l**2 + 2*l + 1. Let h be a(4). Let v be t(h). Suppose 0*g + 36 = v*g. What is the remainder when 17 is divided by g?
8
Suppose 212 = 6*q - 2*q. What is the remainder when q is divided by 10?
3
Calculate the remainder when -4 - (-1 - (0 + 13)) is divided by 4.
2
Suppose -2*i + 7 - 5 = 0. Calculate the remainder when 41 is divided by (i - 0) + -2 - -15.
13
Let f(k) = k + 15. Let x be 14*-2*(-3)/(-12). Calculate the remainder when f(x) is divided by 6.
2
Let f(s) = 18*s**2 + 5*s - 6. What is the remainder when f(1) is divided by 6?
5
Let c be 16/(-6)*(-12 - 0). Let n = -61 + 71. Let d = c - n. What is the remainder when d is divided by 6?
4
Let h(q) = q**3 + q**2 + q + 1. Let b(w) = -w**3 - 10*w**2 - 6*w - 1